{"id":31,"date":"2020-06-10T10:35:51","date_gmt":"2020-06-10T08:35:51","guid":{"rendered":"http:\/\/durlem.be\/shop\/produit\/import-placeholder-for-763\/"},"modified":"2026-01-05T13:48:18","modified_gmt":"2026-01-05T12:48:18","slug":"fontaine-pied","status":"publish","type":"product","link":"https:\/\/durlem.be\/shop\/produit\/fontaine-pied\/","title":{"rendered":"Fontaine sur pied"},"content":{"rendered":"<p>La structure de la fontaine est constitu\u00e9e d\u2019acier lamin\u00e9 au four et laqu\u00e9 recouvert d\u2019acrylique.<br \/>\nTous les composants internes en contact avec l\u2019eau sont r\u00e9alis\u00e9s en acier alimentaire afin d\u2019\u00e9viter la transmission de la saveur.<br \/>\nCompresseur silencieux en acier inoxydable.<\/p>\n<p><strong>Sp\u00e9cial PFAS<br \/>\n<\/strong>Le charbon actif haute densit\u00e9 est \u00e9galement un moyen efficace pour \u00e9liminer les PFAS (Substances per et polyfluoroalkyl\u00e9es) de l\u2019eau. Il absorbe les PFAS sur sa surface et les emp\u00eache de migrer dans l\u2019environnement.<\/p>\n<p><strong>Plastic Free<\/strong><br \/>\nDites stop aux bouteilles en plastique !<\/p>\n<p>Veillez \u00e0 remplacer les cartouches une fois satur\u00e9es pour conserver leur efficacit\u00e9<\/p>\n","protected":false},"excerpt":{"rendered":"<p>La fontaine Durlem est la solution id\u00e9ale et \u00e9conomique pour traiter votre eau de distribution. Une double filtration enl\u00e8vera les impuret\u00e9s et les odeurs et traces de chlorine afin de vous fournir une eau douce et \u00e9quilibr\u00e9e.<\/p>\n<p>L\u2019utilisation de la fontaine permet d\u2019\u00e9conomiser des centaines d\u2019euro, d\u2019\u00e9viter l\u2019utilisation de bouteille plastiques et diminue votre empreinte carbone.<\/p>\n","protected":false},"featured_media":2036,"template":"","meta":[],"product_brand":[],"product_cat":[102,22],"product_tag":[19],"class_list":{"0":"post-31","1":"product","2":"type-product","3":"status-publish","4":"has-post-thumbnail","6":"product_cat-fontaines","7":"product_cat-traitement-eau","8":"product_tag-fr","9":"product_shipping_class-grand","11":"first","12":"instock","13":"taxable","14":"shipping-taxable","15":"purchasable","16":"product-type-simple"},"_links":{"self":[{"href":"https:\/\/durlem.be\/shop\/wp-json\/wp\/v2\/product\/31","targetHints":{"allow":["GET"]}}],"collection":[{"href":"https:\/\/durlem.be\/shop\/wp-json\/wp\/v2\/product"}],"about":[{"href":"https:\/\/durlem.be\/shop\/wp-json\/wp\/v2\/types\/product"}],"version-history":[{"count":2,"href":"https:\/\/durlem.be\/shop\/wp-json\/wp\/v2\/product\/31\/revisions"}],"predecessor-version":[{"id":2415,"href":"https:\/\/durlem.be\/shop\/wp-json\/wp\/v2\/product\/31\/revisions\/2415"}],"wp:featuredmedia":[{"embeddable":true,"href":"https:\/\/durlem.be\/shop\/wp-json\/wp\/v2\/media\/2036"}],"wp:attachment":[{"href":"https:\/\/durlem.be\/shop\/wp-json\/wp\/v2\/media?parent=31"}],"wp:term":[{"taxonomy":"product_brand","embeddable":true,"href":"https:\/\/durlem.be\/shop\/wp-json\/wp\/v2\/product_brand?post=31"},{"taxonomy":"product_cat","embeddable":true,"href":"https:\/\/durlem.be\/shop\/wp-json\/wp\/v2\/product_cat?post=31"},{"taxonomy":"product_tag","embeddable":true,"href":"https:\/\/durlem.be\/shop\/wp-json\/wp\/v2\/product_tag?post=31"}],"curies":[{"name":"wp","href":"https:\/\/api.w.org\/{rel}","templated":true}]}}