{"id":2506,"date":"2025-02-14T15:53:54","date_gmt":"2025-02-14T14:53:54","guid":{"rendered":"https:\/\/durlem.be\/shop-new\/?page_id=2506"},"modified":"2025-02-18T00:35:39","modified_gmt":"2025-02-17T23:35:39","slug":"adoucisseurs-deau","status":"publish","type":"page","link":"https:\/\/durlem.be\/shop\/adoucisseurs-deau\/","title":{"rendered":"Adoucisseurs d&rsquo;eau"},"content":{"rendered":"\t\t<div data-elementor-type=\"wp-page\" data-elementor-id=\"2506\" class=\"elementor elementor-2506\" data-elementor-post-type=\"page\">\n\t\t\t\t\t\t<section class=\"elementor-section elementor-top-section elementor-element elementor-element-0233b69 elementor-section-full_width elementor-section-height-default elementor-section-height-default\" data-id=\"0233b69\" data-element_type=\"section\">\n\t\t\t\t\t\t<div class=\"elementor-container elementor-column-gap-default\">\n\t\t\t\t\t<div class=\"elementor-column elementor-col-50 elementor-top-column elementor-element elementor-element-7bd557d\" data-id=\"7bd557d\" data-element_type=\"column\">\n\t\t\t<div class=\"elementor-widget-wrap elementor-element-populated\">\n\t\t\t\t\t\t<div class=\"elementor-element elementor-element-24ccaa8 elementor-widget elementor-widget-woocommerce-breadcrumb\" data-id=\"24ccaa8\" data-element_type=\"widget\" data-widget_type=\"woocommerce-breadcrumb.default\">\n\t\t\t\t<div class=\"elementor-widget-container\">\n\t\t\t\t\t<nav class=\"woocommerce-breadcrumb\" aria-label=\"Breadcrumb\">Accueil<\/nav>\t\t\t\t<\/div>\n\t\t\t\t<\/div>\n\t\t\t\t\t<\/div>\n\t\t<\/div>\n\t\t\t\t<div class=\"elementor-column elementor-col-50 elementor-top-column elementor-element elementor-element-bb106e4\" data-id=\"bb106e4\" data-element_type=\"column\">\n\t\t\t<div class=\"elementor-widget-wrap elementor-element-populated\">\n\t\t\t\t\t\t<div class=\"elementor-element elementor-element-a7b0a63 elementor-widget elementor-widget-search\" data-id=\"a7b0a63\" data-element_type=\"widget\" data-settings=\"{&quot;submit_trigger&quot;:&quot;click_submit&quot;,&quot;pagination_type_options&quot;:&quot;none&quot;}\" data-widget_type=\"search.default\">\n\t\t\t\t<div class=\"elementor-widget-container\">\n\t\t\t\t\t\t\t<search class=\"e-search hidden\" role=\"search\">\n\t\t\t<form class=\"e-search-form\" action=\"https:\/\/durlem.be\/shop\" method=\"get\">\n\n\t\t\t\t\n\t\t\t\t<label class=\"e-search-label\" for=\"search-a7b0a63\">\n\t\t\t\t\t<span class=\"elementor-screen-only\">\n\t\t\t\t\t\tRechercher \t\t\t\t\t<\/span>\n\t\t\t\t\t\t\t\t\t<\/label>\n\n\t\t\t\t<div class=\"e-search-input-wrapper\">\n\t\t\t\t\t<input id=\"search-a7b0a63\" placeholder=\"Rechercher un produit\" class=\"e-search-input\" type=\"search\" name=\"s\" value=\"\" autocomplete=\"off\" role=\"combobox\" aria-autocomplete=\"list\" aria-expanded=\"false\" aria-controls=\"results-a7b0a63\" aria-haspopup=\"listbox\">\n\t\t\t\t\t<svg aria-hidden=\"true\" class=\"e-font-icon-svg e-fas-times\" viewBox=\"0 0 352 512\" xmlns=\"http:\/\/www.w3.org\/2000\/svg\"><path d=\"M242.72 256l100.07-100.07c12.28-12.28 12.28-32.19 0-44.48l-22.24-22.24c-12.28-12.28-32.19-12.28-44.48 0L176 189.28 75.93 89.21c-12.28-12.28-32.19-12.28-44.48 0L9.21 111.45c-12.28 12.28-12.28 32.19 0 44.48L109.28 256 9.21 356.07c-12.28 12.28-12.28 32.19 0 44.48l22.24 22.24c12.28 12.28 32.2 12.28 44.48 0L176 322.72l100.07 100.07c12.28 12.28 32.2 12.28 44.48 0l22.24-22.24c12.28-12.28 12.28-32.19 0-44.48L242.72 256z\"><\/path><\/svg>\t\t\t\t\t\t\t\t\t\t<output id=\"results-a7b0a63\" class=\"e-search-results-container hide-loader\" aria-live=\"polite\" aria-atomic=\"true\" aria-label=\"Results for search\" tabindex=\"0\">\n\t\t\t\t\t\t<div class=\"e-search-results\"><\/div>\n\t\t\t\t\t\t\t\t\t\t\t<\/output>\n\t\t\t\t\t\t\t\t\t<\/div>\n\t\t\t\t\n\t\t\t\t\n\t\t\t\t<button class=\"e-search-submit  \" type=\"submit\">\n\t\t\t\t\t<svg aria-hidden=\"true\" class=\"e-font-icon-svg e-fas-search\" viewBox=\"0 0 512 512\" xmlns=\"http:\/\/www.w3.org\/2000\/svg\"><path d=\"M505 442.7L405.3 343c-4.5-4.5-10.6-7-17-7H372c27.6-35.3 44-79.7 44-128C416 93.1 322.9 0 208 0S0 93.1 0 208s93.1 208 208 208c48.3 0 92.7-16.4 128-44v16.3c0 6.4 2.5 12.5 7 17l99.7 99.7c9.4 9.4 24.6 9.4 33.9 0l28.3-28.3c9.4-9.4 9.4-24.6.1-34zM208 336c-70.7 0-128-57.2-128-128 0-70.7 57.2-128 128-128 70.7 0 128 57.2 128 128 0 70.7-57.2 128-128 128z\"><\/path><\/svg>\n\t\t\t\t\t\t\t\t\t\t<span class=\"\">\n\t\t\t\t\t\tRechercher \t\t\t\t\t<\/span>\n\t\t\t\t\t\t\t\t\t<\/button>\n\t\t\t\t<input type=\"hidden\" name=\"e_search_props\" value=\"a7b0a63-2506\">\n\t\t\t<\/form>\n\t\t<\/search>\n\t\t\t\t\t\t<\/div>\n\t\t\t\t<\/div>\n\t\t\t\t\t<\/div>\n\t\t<\/div>\n\t\t\t\t\t<\/div>\n\t\t<\/section>\n\t\t\t\t<section class=\"elementor-section elementor-top-section elementor-element elementor-element-96621c6 elementor-section-full_width elementor-section-height-default elementor-section-height-default\" data-id=\"96621c6\" data-element_type=\"section\">\n\t\t\t\t\t\t<div class=\"elementor-container elementor-column-gap-default\">\n\t\t\t\t\t<div class=\"elementor-column elementor-col-100 elementor-top-column elementor-element elementor-element-add63f1\" data-id=\"add63f1\" data-element_type=\"column\">\n\t\t\t<div class=\"elementor-widget-wrap elementor-element-populated\">\n\t\t\t\t\t\t<section class=\"elementor-section elementor-inner-section elementor-element elementor-element-9fcc229 elementor-section-full_width elementor-section-height-default elementor-section-height-default\" data-id=\"9fcc229\" data-element_type=\"section\">\n\t\t\t\t\t\t<div class=\"elementor-container elementor-column-gap-default\">\n\t\t\t\t\t<div class=\"elementor-column elementor-col-33 elementor-inner-column elementor-element elementor-element-ff8ee19\" data-id=\"ff8ee19\" data-element_type=\"column\">\n\t\t\t<div class=\"elementor-widget-wrap elementor-element-populated\">\n\t\t\t\t\t\t<div class=\"elementor-element elementor-element-18d006f elementor-grid-1 elementor-grid-tablet-3 elementor-grid-mobile-2 elementor-products-grid elementor-wc-products elementor-widget elementor-widget-wc-categories\" data-id=\"18d006f\" data-element_type=\"widget\" data-widget_type=\"wc-categories.default\">\n\t\t\t\t<div class=\"elementor-widget-container\">\n\t\t\t\t\t<div class=\"woocommerce columns-1\"><ul class=\"products elementor-grid columns-1\">\n<li class=\"product-category product first\">\n\t<a aria-label=\"Acc\u00e9der \u00e0 la cat\u00e9gorie de produits Adoucisseurs d&#039;eau\" href=\"https:\/\/durlem.be\/shop\/categorie-produit\/adoucisseurs\/adoucisseurs-deau\/\"><img fetchpriority=\"high\" decoding=\"async\" src=\"https:\/\/durlem.be\/shop\/wp-content\/uploads\/woocommerce-placeholder-900x900.png\" alt=\"Adoucisseurs d&#039;eau\" width=\"900\" height=\"900\" \/>\t\t<h2 class=\"woocommerce-loop-category__title\">\n\t\t\tAdoucisseurs d&#039;eau <mark class=\"count\">(4)<\/mark>\t\t<\/h2>\n\t\t<\/a><\/li>\n<li class=\"product-category product first\">\n\t<a aria-label=\"Acc\u00e9der \u00e0 la cat\u00e9gorie de produits Accessoires pour adoucisseurs\" href=\"https:\/\/durlem.be\/shop\/categorie-produit\/adoucisseurs\/accessoires-pour-adoucisseurs\/\"><img decoding=\"async\" src=\"https:\/\/durlem.be\/shop\/wp-content\/uploads\/woocommerce-placeholder-900x900.png\" alt=\"Accessoires pour adoucisseurs\" width=\"900\" height=\"900\" \/>\t\t<h2 class=\"woocommerce-loop-category__title\">\n\t\t\tAccessoires pour adoucisseurs <mark class=\"count\">(3)<\/mark>\t\t<\/h2>\n\t\t<\/a><\/li>\n<\/ul>\n<\/div>\t\t\t\t<\/div>\n\t\t\t\t<\/div>\n\t\t\t\t\t<\/div>\n\t\t<\/div>\n\t\t\t\t<div class=\"elementor-column elementor-col-33 elementor-inner-column elementor-element elementor-element-61d1a50\" data-id=\"61d1a50\" data-element_type=\"column\">\n\t\t\t<div class=\"elementor-widget-wrap\">\n\t\t\t\t\t\t\t<\/div>\n\t\t<\/div>\n\t\t\t\t<div class=\"elementor-column elementor-col-33 elementor-inner-column elementor-element elementor-element-cc9b912\" data-id=\"cc9b912\" data-element_type=\"column\">\n\t\t\t<div class=\"elementor-widget-wrap elementor-element-populated\">\n\t\t\t\t\t\t<div class=\"elementor-element elementor-element-2a7d5bf elementor-product-loop-item--align-left elementor-grid-3 elementor-grid-tablet-3 elementor-grid-mobile-2 elementor-products-grid elementor-wc-products elementor-widget elementor-widget-woocommerce-products\" data-id=\"2a7d5bf\" data-element_type=\"widget\" data-widget_type=\"woocommerce-products.default\">\n\t\t\t\t<div class=\"elementor-widget-container\">\n\t\t\t\t\t<div class=\"woocommerce columns-3 \"><ul class=\"products elementor-grid columns-3\">\n<li class=\"product type-product post-358 status-publish first instock product_cat-adoucisseurs product_cat-adoucisseurs-deau has-post-thumbnail taxable shipping-taxable purchasable product-type-simple\">\n\t<a href=\"https:\/\/durlem.be\/shop\/produit\/veasy\/\" class=\"woocommerce-LoopProduct-link woocommerce-loop-product__link\"><img decoding=\"async\" width=\"900\" height=\"900\" src=\"https:\/\/durlem.be\/shop\/wp-content\/uploads\/2020\/01\/veasy-new-002-900x900.jpg\" class=\"attachment-woocommerce_thumbnail size-woocommerce_thumbnail\" alt=\"VEasy\" srcset=\"https:\/\/durlem.be\/shop\/wp-content\/uploads\/2020\/01\/veasy-new-002-900x900.jpg 900w, https:\/\/durlem.be\/shop\/wp-content\/uploads\/2020\/01\/veasy-new-002-150x150.jpg 150w, https:\/\/durlem.be\/shop\/wp-content\/uploads\/2020\/01\/veasy-new-002-650x650.jpg 650w, https:\/\/durlem.be\/shop\/wp-content\/uploads\/2020\/01\/veasy-new-002-100x100.jpg 100w\" sizes=\"(max-width: 900px) 100vw, 900px\" \/><h2 class=\"woocommerce-loop-product__title\">VEasy<\/h2>\n\t<span class=\"price\"><span class=\"woocommerce-Price-amount amount\"><bdi>1 995,30<span class=\"woocommerce-Price-currencySymbol\">&euro;<\/span><\/bdi><\/span> <span class=\"price-tvac\">TVAC<\/span><\/span>\n<\/a><div class=\"woocommerce-loop-product__buttons\"><a href=\"\/shop\/wp-json\/wp\/v2\/pages\/2506?add-to-cart=358\" aria-describedby=\"woocommerce_loop_add_to_cart_link_describedby_358\" data-quantity=\"1\" class=\"button product_type_simple add_to_cart_button ajax_add_to_cart\" data-product_id=\"358\" data-product_sku=\"93008F\" aria-label=\"Ajouter au panier\u00a0: &ldquo;VEasy&rdquo;\" rel=\"nofollow\" data-success_message=\"\u00ab\u00a0VEasy\u00a0\u00bb a \u00e9t\u00e9 ajout\u00e9 \u00e0 votre panier\" role=\"button\">Ajouter au panier<\/a><\/div>\t<span id=\"woocommerce_loop_add_to_cart_link_describedby_358\" class=\"screen-reader-text\">\n\t\t\t<\/span>\n<\/li>\n<li class=\"product type-product post-1067 status-publish instock product_cat-adoucisseurs product_cat-adoucisseurs-deau has-post-thumbnail taxable shipping-taxable purchasable product-type-simple\">\n\t<a href=\"https:\/\/durlem.be\/shop\/produit\/vslim\/\" class=\"woocommerce-LoopProduct-link woocommerce-loop-product__link\"><img loading=\"lazy\" decoding=\"async\" width=\"900\" height=\"900\" src=\"https:\/\/durlem.be\/shop\/wp-content\/uploads\/2019\/10\/durlem_vslim_2024-900x900.jpg\" class=\"attachment-woocommerce_thumbnail size-woocommerce_thumbnail\" alt=\"VSlim+\" srcset=\"https:\/\/durlem.be\/shop\/wp-content\/uploads\/2019\/10\/durlem_vslim_2024-900x900.jpg 900w, https:\/\/durlem.be\/shop\/wp-content\/uploads\/2019\/10\/durlem_vslim_2024-100x100.jpg 100w, https:\/\/durlem.be\/shop\/wp-content\/uploads\/2019\/10\/durlem_vslim_2024-300x300.jpg 300w, https:\/\/durlem.be\/shop\/wp-content\/uploads\/2019\/10\/durlem_vslim_2024-150x150.jpg 150w, https:\/\/durlem.be\/shop\/wp-content\/uploads\/2019\/10\/durlem_vslim_2024-768x768.jpg 768w, https:\/\/durlem.be\/shop\/wp-content\/uploads\/2019\/10\/durlem_vslim_2024-650x650.jpg 650w, https:\/\/durlem.be\/shop\/wp-content\/uploads\/2019\/10\/durlem_vslim_2024.jpg 945w\" sizes=\"(max-width: 900px) 100vw, 900px\" \/><h2 class=\"woocommerce-loop-product__title\">VSlim+<\/h2>\n\t<span class=\"price\"><span class=\"woocommerce-Price-amount amount\"><bdi>1 729,09<span class=\"woocommerce-Price-currencySymbol\">&euro;<\/span><\/bdi><\/span> <span class=\"price-tvac\">TVAC<\/span><\/span>\n<\/a><div class=\"woocommerce-loop-product__buttons\"><a href=\"\/shop\/wp-json\/wp\/v2\/pages\/2506?add-to-cart=1067\" aria-describedby=\"woocommerce_loop_add_to_cart_link_describedby_1067\" data-quantity=\"1\" class=\"button product_type_simple add_to_cart_button ajax_add_to_cart\" data-product_id=\"1067\" data-product_sku=\"93006F\" aria-label=\"Ajouter au panier\u00a0: &ldquo;VSlim+&rdquo;\" rel=\"nofollow\" data-success_message=\"\u00ab\u00a0VSlim+\u00a0\u00bb a \u00e9t\u00e9 ajout\u00e9 \u00e0 votre panier\" role=\"button\">Ajouter au panier<\/a><\/div>\t<span id=\"woocommerce_loop_add_to_cart_link_describedby_1067\" class=\"screen-reader-text\">\n\t\t\t<\/span>\n<\/li>\n<li class=\"product type-product post-1123 status-publish last instock product_cat-adoucisseurs-deau product_cat-adoucisseurs has-post-thumbnail taxable shipping-taxable purchasable product-type-simple\">\n\t<a href=\"https:\/\/durlem.be\/shop\/produit\/vsmart\/\" class=\"woocommerce-LoopProduct-link woocommerce-loop-product__link\"><img loading=\"lazy\" decoding=\"async\" width=\"900\" height=\"900\" src=\"https:\/\/durlem.be\/shop\/wp-content\/uploads\/2019\/10\/durlem_vsmart_2024-900x900.jpg\" class=\"attachment-woocommerce_thumbnail size-woocommerce_thumbnail\" alt=\"VSmart\" srcset=\"https:\/\/durlem.be\/shop\/wp-content\/uploads\/2019\/10\/durlem_vsmart_2024-900x900.jpg 900w, https:\/\/durlem.be\/shop\/wp-content\/uploads\/2019\/10\/durlem_vsmart_2024-100x100.jpg 100w, https:\/\/durlem.be\/shop\/wp-content\/uploads\/2019\/10\/durlem_vsmart_2024-300x300.jpg 300w, https:\/\/durlem.be\/shop\/wp-content\/uploads\/2019\/10\/durlem_vsmart_2024-150x150.jpg 150w, https:\/\/durlem.be\/shop\/wp-content\/uploads\/2019\/10\/durlem_vsmart_2024-768x768.jpg 768w, https:\/\/durlem.be\/shop\/wp-content\/uploads\/2019\/10\/durlem_vsmart_2024-650x650.jpg 650w, https:\/\/durlem.be\/shop\/wp-content\/uploads\/2019\/10\/durlem_vsmart_2024.jpg 945w\" sizes=\"(max-width: 900px) 100vw, 900px\" \/><h2 class=\"woocommerce-loop-product__title\">VSmart<\/h2>\n\t<span class=\"price\"><span class=\"woocommerce-Price-amount amount\"><bdi>1 741,19<span class=\"woocommerce-Price-currencySymbol\">&euro;<\/span><\/bdi><\/span> <span class=\"price-tvac\">TVAC<\/span><\/span>\n<\/a><div class=\"woocommerce-loop-product__buttons\"><a href=\"\/shop\/wp-json\/wp\/v2\/pages\/2506?add-to-cart=1123\" aria-describedby=\"woocommerce_loop_add_to_cart_link_describedby_1123\" data-quantity=\"1\" class=\"button product_type_simple add_to_cart_button ajax_add_to_cart\" data-product_id=\"1123\" data-product_sku=\"93040F\" aria-label=\"Ajouter au panier\u00a0: &ldquo;VSmart&rdquo;\" rel=\"nofollow\" data-success_message=\"\u00ab\u00a0VSmart\u00a0\u00bb a \u00e9t\u00e9 ajout\u00e9 \u00e0 votre panier\" role=\"button\">Ajouter au panier<\/a><\/div>\t<span id=\"woocommerce_loop_add_to_cart_link_describedby_1123\" class=\"screen-reader-text\">\n\t\t\t<\/span>\n<\/li>\n<li class=\"product type-product post-27 status-publish first instock product_cat-adoucisseurs product_cat-adoucisseurs-deau product_tag-fr has-post-thumbnail taxable shipping-taxable purchasable product-type-simple\">\n\t<a href=\"https:\/\/durlem.be\/shop\/produit\/vpro\/\" class=\"woocommerce-LoopProduct-link woocommerce-loop-product__link\"><img loading=\"lazy\" decoding=\"async\" width=\"900\" height=\"900\" src=\"https:\/\/durlem.be\/shop\/wp-content\/uploads\/2019\/10\/durlem_vpro_2024-900x900.jpg\" class=\"attachment-woocommerce_thumbnail size-woocommerce_thumbnail\" alt=\"VPro\" srcset=\"https:\/\/durlem.be\/shop\/wp-content\/uploads\/2019\/10\/durlem_vpro_2024-900x900.jpg 900w, https:\/\/durlem.be\/shop\/wp-content\/uploads\/2019\/10\/durlem_vpro_2024-100x100.jpg 100w, https:\/\/durlem.be\/shop\/wp-content\/uploads\/2019\/10\/durlem_vpro_2024-300x300.jpg 300w, https:\/\/durlem.be\/shop\/wp-content\/uploads\/2019\/10\/durlem_vpro_2024-150x150.jpg 150w, https:\/\/durlem.be\/shop\/wp-content\/uploads\/2019\/10\/durlem_vpro_2024-768x768.jpg 768w, https:\/\/durlem.be\/shop\/wp-content\/uploads\/2019\/10\/durlem_vpro_2024-650x650.jpg 650w, https:\/\/durlem.be\/shop\/wp-content\/uploads\/2019\/10\/durlem_vpro_2024.jpg 945w\" sizes=\"(max-width: 900px) 100vw, 900px\" \/><h2 class=\"woocommerce-loop-product__title\">VPro<\/h2>\n\t<span class=\"price\"><span class=\"woocommerce-Price-amount amount\"><bdi>1 620,19<span class=\"woocommerce-Price-currencySymbol\">&euro;<\/span><\/bdi><\/span> <span class=\"price-tvac\">TVAC<\/span><\/span>\n<\/a><div class=\"woocommerce-loop-product__buttons\"><a href=\"\/shop\/wp-json\/wp\/v2\/pages\/2506?add-to-cart=27\" aria-describedby=\"woocommerce_loop_add_to_cart_link_describedby_27\" data-quantity=\"1\" class=\"button product_type_simple add_to_cart_button ajax_add_to_cart\" data-product_id=\"27\" data-product_sku=\"93020F\" aria-label=\"Ajouter au panier\u00a0: &ldquo;VPro&rdquo;\" rel=\"nofollow\" data-success_message=\"\u00ab\u00a0VPro\u00a0\u00bb a \u00e9t\u00e9 ajout\u00e9 \u00e0 votre panier\" role=\"button\">Ajouter au panier<\/a><\/div>\t<span id=\"woocommerce_loop_add_to_cart_link_describedby_27\" class=\"screen-reader-text\">\n\t\t\t<\/span>\n<\/li>\n<li class=\"product type-product post-2252 status-publish instock product_cat-accessoires-pour-adoucisseurs product_cat-adoucisseurs has-post-thumbnail taxable shipping-taxable purchasable product-type-simple\">\n\t<a href=\"https:\/\/durlem.be\/shop\/produit\/station-de-relevage-durlem-lift\/\" class=\"woocommerce-LoopProduct-link woocommerce-loop-product__link\"><img loading=\"lazy\" decoding=\"async\" width=\"900\" height=\"900\" src=\"https:\/\/durlem.be\/shop\/wp-content\/uploads\/2025\/02\/durlem-lift-900x900.jpg\" class=\"attachment-woocommerce_thumbnail size-woocommerce_thumbnail\" alt=\"Station de relevage Durlem Lift\" srcset=\"https:\/\/durlem.be\/shop\/wp-content\/uploads\/2025\/02\/durlem-lift-900x900.jpg 900w, https:\/\/durlem.be\/shop\/wp-content\/uploads\/2025\/02\/durlem-lift-100x100.jpg 100w, https:\/\/durlem.be\/shop\/wp-content\/uploads\/2025\/02\/durlem-lift-300x300.jpg 300w, https:\/\/durlem.be\/shop\/wp-content\/uploads\/2025\/02\/durlem-lift-150x150.jpg 150w, https:\/\/durlem.be\/shop\/wp-content\/uploads\/2025\/02\/durlem-lift-768x768.jpg 768w, https:\/\/durlem.be\/shop\/wp-content\/uploads\/2025\/02\/durlem-lift-650x650.jpg 650w, https:\/\/durlem.be\/shop\/wp-content\/uploads\/2025\/02\/durlem-lift.jpg 945w\" sizes=\"(max-width: 900px) 100vw, 900px\" \/><h2 class=\"woocommerce-loop-product__title\">Station de relevage Durlem Lift<\/h2>\n\t<span class=\"price\"><span class=\"woocommerce-Price-amount amount\"><bdi>1 087,79<span class=\"woocommerce-Price-currencySymbol\">&euro;<\/span><\/bdi><\/span> <span class=\"price-tvac\">TVAC<\/span><\/span>\n<\/a><div class=\"woocommerce-loop-product__buttons\"><a href=\"\/shop\/wp-json\/wp\/v2\/pages\/2506?add-to-cart=2252\" aria-describedby=\"woocommerce_loop_add_to_cart_link_describedby_2252\" data-quantity=\"1\" class=\"button product_type_simple add_to_cart_button ajax_add_to_cart\" data-product_id=\"2252\" data-product_sku=\"80001F\" aria-label=\"Ajouter au panier\u00a0: &ldquo;Station de relevage Durlem Lift&rdquo;\" rel=\"nofollow\" data-success_message=\"\u00ab\u00a0Station de relevage Durlem Lift\u00a0\u00bb a \u00e9t\u00e9 ajout\u00e9 \u00e0 votre panier\" role=\"button\">Ajouter au panier<\/a><\/div>\t<span id=\"woocommerce_loop_add_to_cart_link_describedby_2252\" class=\"screen-reader-text\">\n\t\t\t<\/span>\n<\/li>\n<li class=\"product type-product post-2254 status-publish last instock product_cat-accessoires-pour-adoucisseurs product_cat-adoucisseurs has-post-thumbnail taxable shipping-taxable purchasable product-type-simple\">\n\t<a href=\"https:\/\/durlem.be\/shop\/produit\/siphon-2-prises-pour-adoucisseur-belgaqua\/\" class=\"woocommerce-LoopProduct-link woocommerce-loop-product__link\"><img loading=\"lazy\" decoding=\"async\" width=\"900\" height=\"900\" src=\"https:\/\/durlem.be\/shop\/wp-content\/uploads\/2025\/02\/siphon-belgaqua-900x900.jpg\" class=\"attachment-woocommerce_thumbnail size-woocommerce_thumbnail\" alt=\"Siphon 2 prises pour adoucisseur (Belgaqua)\" srcset=\"https:\/\/durlem.be\/shop\/wp-content\/uploads\/2025\/02\/siphon-belgaqua-900x900.jpg 900w, https:\/\/durlem.be\/shop\/wp-content\/uploads\/2025\/02\/siphon-belgaqua-100x100.jpg 100w, https:\/\/durlem.be\/shop\/wp-content\/uploads\/2025\/02\/siphon-belgaqua-300x300.jpg 300w, https:\/\/durlem.be\/shop\/wp-content\/uploads\/2025\/02\/siphon-belgaqua-150x150.jpg 150w, https:\/\/durlem.be\/shop\/wp-content\/uploads\/2025\/02\/siphon-belgaqua-768x768.jpg 768w, https:\/\/durlem.be\/shop\/wp-content\/uploads\/2025\/02\/siphon-belgaqua-650x650.jpg 650w, https:\/\/durlem.be\/shop\/wp-content\/uploads\/2025\/02\/siphon-belgaqua.jpg 945w\" sizes=\"(max-width: 900px) 100vw, 900px\" \/><h2 class=\"woocommerce-loop-product__title\">Siphon 2 prises pour adoucisseur (Belgaqua)<\/h2>\n\t<span class=\"price\"><span class=\"woocommerce-Price-amount amount\"><bdi>30,86<span class=\"woocommerce-Price-currencySymbol\">&euro;<\/span><\/bdi><\/span> <span class=\"price-tvac\">TVAC<\/span><\/span>\n<\/a><div class=\"woocommerce-loop-product__buttons\"><a href=\"\/shop\/wp-json\/wp\/v2\/pages\/2506?add-to-cart=2254\" aria-describedby=\"woocommerce_loop_add_to_cart_link_describedby_2254\" data-quantity=\"1\" class=\"button product_type_simple add_to_cart_button ajax_add_to_cart\" data-product_id=\"2254\" data-product_sku=\"95038\" aria-label=\"Ajouter au panier\u00a0: &ldquo;Siphon 2 prises pour adoucisseur (Belgaqua)&rdquo;\" rel=\"nofollow\" data-success_message=\"\u00ab\u00a0Siphon 2 prises pour adoucisseur (Belgaqua)\u00a0\u00bb a \u00e9t\u00e9 ajout\u00e9 \u00e0 votre panier\" role=\"button\">Ajouter au panier<\/a><\/div>\t<span id=\"woocommerce_loop_add_to_cart_link_describedby_2254\" class=\"screen-reader-text\">\n\t\t\t<\/span>\n<\/li>\n<li class=\"product type-product post-282 status-publish first instock product_cat-accessoires-pour-adoucisseurs product_cat-adoucisseurs product_cat-consommables has-post-thumbnail taxable shipping-taxable purchasable product-type-simple\">\n\t<a href=\"https:\/\/durlem.be\/shop\/produit\/sel-adoucisseur\/\" class=\"woocommerce-LoopProduct-link woocommerce-loop-product__link\"><img loading=\"lazy\" decoding=\"async\" width=\"900\" height=\"900\" src=\"https:\/\/durlem.be\/shop\/wp-content\/uploads\/2020\/01\/sel_axal-900x900.jpg\" class=\"attachment-woocommerce_thumbnail size-woocommerce_thumbnail\" alt=\"Sel pour adoucisseur d&#039;eau\" srcset=\"https:\/\/durlem.be\/shop\/wp-content\/uploads\/2020\/01\/sel_axal-900x900.jpg 900w, https:\/\/durlem.be\/shop\/wp-content\/uploads\/2020\/01\/sel_axal-100x100.jpg 100w, https:\/\/durlem.be\/shop\/wp-content\/uploads\/2020\/01\/sel_axal-300x300.jpg 300w, https:\/\/durlem.be\/shop\/wp-content\/uploads\/2020\/01\/sel_axal-1024x1024.jpg 1024w, https:\/\/durlem.be\/shop\/wp-content\/uploads\/2020\/01\/sel_axal-150x150.jpg 150w, https:\/\/durlem.be\/shop\/wp-content\/uploads\/2020\/01\/sel_axal-768x768.jpg 768w, https:\/\/durlem.be\/shop\/wp-content\/uploads\/2020\/01\/sel_axal-650x650.jpg 650w, https:\/\/durlem.be\/shop\/wp-content\/uploads\/2020\/01\/sel_axal.jpg 1200w\" sizes=\"(max-width: 900px) 100vw, 900px\" \/><h2 class=\"woocommerce-loop-product__title\">Sel pour adoucisseur d&rsquo;eau<\/h2>\n\t<span class=\"price\"><span class=\"woocommerce-Price-amount amount\"><bdi>21,77<span class=\"woocommerce-Price-currencySymbol\">&euro;<\/span><\/bdi><\/span> <span class=\"price-tvac\">TVAC<\/span><\/span>\n<\/a><div class=\"woocommerce-loop-product__buttons\"><a href=\"\/shop\/wp-json\/wp\/v2\/pages\/2506?add-to-cart=282\" aria-describedby=\"woocommerce_loop_add_to_cart_link_describedby_282\" data-quantity=\"1\" class=\"button product_type_simple add_to_cart_button ajax_add_to_cart\" data-product_id=\"282\" data-product_sku=\"74000\" aria-label=\"Ajouter au panier\u00a0: &ldquo;Sel pour adoucisseur d&#039;eau&rdquo;\" rel=\"nofollow\" data-success_message=\"\u00ab\u00a0Sel pour adoucisseur d&#039;eau\u00a0\u00bb a \u00e9t\u00e9 ajout\u00e9 \u00e0 votre panier\" role=\"button\">Ajouter au panier<\/a><\/div>\t<span id=\"woocommerce_loop_add_to_cart_link_describedby_282\" class=\"screen-reader-text\">\n\t\t\t<\/span>\n<\/li>\n<\/ul>\n<\/div>\t\t\t\t<\/div>\n\t\t\t\t<\/div>\n\t\t\t\t\t<\/div>\n\t\t<\/div>\n\t\t\t\t\t<\/div>\n\t\t<\/section>\n\t\t\t\t\t<\/div>\n\t\t<\/div>\n\t\t\t\t\t<\/div>\n\t\t<\/section>\n\t\t\t\t<\/div>\n\t\t","protected":false},"excerpt":{"rendered":"<p>Rechercher Rechercher<\/p>\n","protected":false},"author":540,"featured_media":0,"parent":0,"menu_order":0,"comment_status":"closed","ping_status":"closed","template":"","meta":{"footnotes":""},"class_list":["post-2506","page","type-page","status-publish","hentry"],"_links":{"self":[{"href":"https:\/\/durlem.be\/shop\/wp-json\/wp\/v2\/pages\/2506","targetHints":{"allow":["GET"]}}],"collection":[{"href":"https:\/\/durlem.be\/shop\/wp-json\/wp\/v2\/pages"}],"about":[{"href":"https:\/\/durlem.be\/shop\/wp-json\/wp\/v2\/types\/page"}],"author":[{"embeddable":true,"href":"https:\/\/durlem.be\/shop\/wp-json\/wp\/v2\/users\/540"}],"replies":[{"embeddable":true,"href":"https:\/\/durlem.be\/shop\/wp-json\/wp\/v2\/comments?post=2506"}],"version-history":[{"count":29,"href":"https:\/\/durlem.be\/shop\/wp-json\/wp\/v2\/pages\/2506\/revisions"}],"predecessor-version":[{"id":2713,"href":"https:\/\/durlem.be\/shop\/wp-json\/wp\/v2\/pages\/2506\/revisions\/2713"}],"wp:attachment":[{"href":"https:\/\/durlem.be\/shop\/wp-json\/wp\/v2\/media?parent=2506"}],"curies":[{"name":"wp","href":"https:\/\/api.w.org\/{rel}","templated":true}]}}