{"id":1738,"date":"2024-04-19T16:01:21","date_gmt":"2024-04-19T14:01:21","guid":{"rendered":"https:\/\/durlemshop.up-studio.lu\/shop\/?page_id=1738"},"modified":"2024-09-30T16:21:28","modified_gmt":"2024-09-30T14:21:28","slug":"paiement-et-livraison","status":"publish","type":"page","link":"https:\/\/durlem.be\/shop\/paiement-et-livraison\/","title":{"rendered":"Paiement et livraison"},"content":{"rendered":"\t\t<div data-elementor-type=\"wp-page\" data-elementor-id=\"1738\" class=\"elementor elementor-1738\" data-elementor-post-type=\"page\">\n\t\t\t\t\t\t<section class=\"elementor-section elementor-top-section elementor-element elementor-element-08e6ee9 elementor-section-boxed elementor-section-height-default elementor-section-height-default\" data-id=\"08e6ee9\" data-element_type=\"section\">\n\t\t\t\t\t\t<div class=\"elementor-container elementor-column-gap-default\">\n\t\t\t\t\t<div class=\"elementor-column elementor-col-100 elementor-top-column elementor-element elementor-element-cebf462\" data-id=\"cebf462\" data-element_type=\"column\">\n\t\t\t<div class=\"elementor-widget-wrap elementor-element-populated\">\n\t\t\t\t\t\t<div class=\"elementor-element elementor-element-0d6df05 elementor-widget elementor-widget-heading\" data-id=\"0d6df05\" data-element_type=\"widget\" data-widget_type=\"heading.default\">\n\t\t\t\t<div class=\"elementor-widget-container\">\n\t\t\t\t\t<h2 class=\"elementor-heading-title elementor-size-default\">Paiement et livraison<\/h2>\t\t\t\t<\/div>\n\t\t\t\t<\/div>\n\t\t\t\t<div class=\"elementor-element elementor-element-52f2058 elementor-widget elementor-widget-text-editor\" data-id=\"52f2058\" data-element_type=\"widget\" data-widget_type=\"text-editor.default\">\n\t\t\t\t<div class=\"elementor-widget-container\">\n\t\t\t\t\t\t\t\t\t<p><strong><span style=\"color: #1b4382;\">LIVRAISON <\/span><\/strong><br \/>Les produits command\u00e9s sur www.durlem.be\/shop seront livr\u00e9s \u00e0 l\u2019adresse de livraison que vous avez sp\u00e9cifi\u00e9e lors de la commande. Les d\u00e9lais de livraison indiqu\u00e9s sont estimatifs et peuvent varier en fonction de la disponibilit\u00e9 des produits, du lieu de livraison et du transporteur utilis\u00e9. Nous nous effor\u00e7ons de respecter ces d\u00e9lais, mais nous d\u00e9clinons toute responsabilit\u00e9 pour les retards de livraison ind\u00e9pendants de notre volont\u00e9.<br \/><br \/><span style=\"color: #1b4382;\"><strong>FRAIS DE LIVRAISON<\/strong><\/span> <br \/>Les frais de livraison sont calcul\u00e9s en fonction du poids, de la taille et de la destination de votre commande. Les frais de livraison seront indiqu\u00e9s lors du processus de commande et ajout\u00e9s au montant total de votre facture.<br \/><br \/><strong><span style=\"color: #1b4382;\">MODE DE PAIEMENT<br \/><\/span><\/strong>Les paiements sur www.durlem.be\/shop peuvent \u00eatre effectu\u00e9s par carte bancaire, virement bancaire ou tout autre mode de paiement sp\u00e9cifi\u00e9 lors du processus de commande. Le paiement est exigible imm\u00e9diatement \u00e0 la date de la commande.<\/p><p><span style=\"color: #1b4382;\"><strong>SECURITE DES PAIEMENTS<\/strong><\/span><br \/>Toutes les transactions de paiement effectu\u00e9es sur notre site web sont s\u00e9curis\u00e9es et crypt\u00e9es \u00e0 l\u2019aide de protocoles de s\u00e9curit\u00e9 SSL (Secure Sockets Layer). Nous ne stockons pas les d\u00e9tails de votre carte de cr\u00e9dit apr\u00e8s la transaction.<br \/><br \/><span style=\"color: #1b4382;\"><strong>CONFIRMATION DE COMMANDE<br \/><\/strong><\/span>Une fois la commande pass\u00e9e et le paiement confirm\u00e9, vous recevrez un e-mail de confirmation de commande r\u00e9capitulant les d\u00e9tails de votre commande, y compris les produits command\u00e9s, les frais de livraison et l\u2019adresse de livraison.<br \/><br \/><strong><span style=\"color: #1b4382;\">DROIT DE RETRACTATION<\/span><br \/><\/strong>Conform\u00e9ment \u00e0 nos Conditions G\u00e9n\u00e9rales de Vente, vous disposez d\u2019un droit de r\u00e9tractation de quatorze (14) jours \u00e0 compter de la r\u00e9ception des produits pour exercer votre droit de r\u00e9tractation. Pour plus d\u2019informations sur la proc\u00e9dure de retour et de remboursement, veuillez vous r\u00e9f\u00e9rer \u00e0 notre Politique de Retour.<br \/><br \/><span style=\"color: #1b4382;\"><strong>NOUS CONTACTER<\/strong><\/span><br \/>Si vous avez des questions concernant les modalit\u00e9s de livraison et de paiement, veuillez nous contacter \u00e0 l\u2019adresse suivante : mail@durlem.be<\/p>\t\t\t\t\t\t\t\t<\/div>\n\t\t\t\t<\/div>\n\t\t\t\t\t<\/div>\n\t\t<\/div>\n\t\t\t\t\t<\/div>\n\t\t<\/section>\n\t\t\t\t<\/div>\n\t\t","protected":false},"excerpt":{"rendered":"<p>Paiement et livraison LIVRAISON Les produits command\u00e9s sur www.durlem.be\/shop seront livr\u00e9s \u00e0 l\u2019adresse de livraison que vous avez sp\u00e9cifi\u00e9e lors de la commande. Les d\u00e9lais de livraison indiqu\u00e9s sont estimatifs et peuvent varier en fonction de la disponibilit\u00e9 des produits, du lieu de livraison et du transporteur utilis\u00e9. Nous nous effor\u00e7ons de respecter ces d\u00e9lais, [&hellip;]<\/p>\n","protected":false},"author":540,"featured_media":0,"parent":0,"menu_order":0,"comment_status":"closed","ping_status":"closed","template":"elementor_header_footer","meta":{"footnotes":""},"class_list":["post-1738","page","type-page","status-publish","hentry"],"_links":{"self":[{"href":"https:\/\/durlem.be\/shop\/wp-json\/wp\/v2\/pages\/1738","targetHints":{"allow":["GET"]}}],"collection":[{"href":"https:\/\/durlem.be\/shop\/wp-json\/wp\/v2\/pages"}],"about":[{"href":"https:\/\/durlem.be\/shop\/wp-json\/wp\/v2\/types\/page"}],"author":[{"embeddable":true,"href":"https:\/\/durlem.be\/shop\/wp-json\/wp\/v2\/users\/540"}],"replies":[{"embeddable":true,"href":"https:\/\/durlem.be\/shop\/wp-json\/wp\/v2\/comments?post=1738"}],"version-history":[{"count":17,"href":"https:\/\/durlem.be\/shop\/wp-json\/wp\/v2\/pages\/1738\/revisions"}],"predecessor-version":[{"id":2217,"href":"https:\/\/durlem.be\/shop\/wp-json\/wp\/v2\/pages\/1738\/revisions\/2217"}],"wp:attachment":[{"href":"https:\/\/durlem.be\/shop\/wp-json\/wp\/v2\/media?parent=1738"}],"curies":[{"name":"wp","href":"https:\/\/api.w.org\/{rel}","templated":true}]}}